ative of n**2 + 4*n - 1. Let w be (2*-1)/(4*(-6)/120). What is the remainder when 70 is divided by y(w)?
22
Let z(k) = 2*k**2 + 9*k + 43. Let y be z(-7). Let b = -68 + y. Suppose 242 = 5*l + 3*s + b, -3*l + s + 128 = 0. Calculate the remainder when l is divided by 26.
18
Suppose 0 = -16*l + 243 - 35. Suppose -l*i = -755 + 118. Calculate the remainder when 145 is divided by i.
47
Let v = 1048 - 645. What is the remainder when v is divided by 38?
23
Suppose 5 = 5*c, -c + 12 = 3*a + 2*c. Suppose -24 = 2*n - a*n. Calculate the remainder when n is divided by 9.
6
Let k = -4407 - -7872. Calculate the remainder when k is divided by 17.
14
Let c = -1465 - -1472. Suppose v + 2*p - 688 = -3*v, -860 = -5*v + 2*p. What is the remainder when v is divided by c?
4
Let v = -331 - -561. Let a = v - 193. Suppose -4*z = -8*z + 564. Calculate the remainder when z is divided by a.
30
What is the remainder when (-2286)/4*-20*18/45 is divided by 25?
22
Let a be (-3 + 4)/((5/(-2865))/(-1)). Suppose -269 = 8*w - a. Calculate the remainder when 150 is divided by w.
36
Suppose -9*m + 5*v = -4*m - 1685, -5*v = 4*m - 1330. Calculate the remainder when m is divided by 111.
2
Let m = -155 - -143. Let q = -38 - -57. Let g = q + m. Calculate the remainder when 13 is divided by g.
6
Suppose x - 283*p = -287*p + 22, x = 3*p + 57. Calculate the remainder when 20871 is divided by x.
39
Suppose -5347*j = -5355*j + 104. Suppose 0 = -5*k + 4*z + 5272, 2*k - 994 = 2*z + 1116. Calculate the remainder when k is divided by j.
12
Let u(a) = 81*a - 397. Calculate the remainder when u(14) is divided by 193.
158
Suppose 13*g = 20225 - 19965. What is the remainder when 1155 is divided by g?
15
Suppose 0 = 3*i + 4*m - 33, -5*i + 22 + 79 = -m. Calculate the remainder when 188 is divided by i.
17
Let u(h) = h**2 + h + 99. Suppose -2*v - 65 = -81. Suppose 153 = v*t - 7. Calculate the remainder when u(0) is divided by t.
19
Suppose -33551 = -16*j + 12*j - 3*j. Calculate the remainder when j is divided by 123.
119
Let v(l) = 11*l**2 + 36*l. Let u(d) = -14*d**2 - 36*d + 1. Let r(a) = 3*u(a) + 4*v(a). What is the remainder when 9 is divided by r(-18)?
0
Suppose 0*q - 7*q = 21. Let x be ((-54)/q)/6*(-2)/(-6). Let r(j) = 12*j - 3. What is the remainder when 41 is divided by r(x)?
5
Suppose 3*r = -3*g - 2*g - 330, -2*g + 5*r = 101. Let v = g - -126. Let n = v - 43. Calculate the remainder when 30 is divided by n.
10
Let k(s) = 91*s - 9602. What is the remainder when 1906 is divided by k(106)?
14
Let j = 67 + 473. What is the remainder when 1092 is divided by j?
12
Let k = -21 + 23. Suppose 3*t = -k*q + 351, 2*t = 5*q - 2*t - 935. Let a = -1069 + 1106. Calculate the remainder when q is divided by a.
35
Let u(t) = -10*t**2 + t. Let d be u(-1). Let p(l) = l**3 + 11*l**2 + 5. Let n be p(d). Suppose n*x = 7*x - 166. Calculate the remainder when x is divided by 21.
20
Suppose 0 = -2*k + 4*j + 352, 5*k + j - 858 = -0*k. Let s = -134 + k. What is the remainder when s is divided by 7?
3
Let z(o) = 452*o - 22. Let v be z(2). Suppose -9*x + v = -2*x. Calculate the remainder when x is divided by 13.
9
Let i(x) = 2*x**2 + 19*x - 110. Let h be i(0). What is the remainder when 159 is divided by (-18)/(-2) - 3630/h?
33
Suppose -10*t + 36 = 6. Suppose -2*z - d + 172 = -43, t*z - 330 = -4*d. What is the remainder when z is divided by 14?
8
Suppose 616 = 6*u + 16*u. Suppose u*h = 363 - 111. What is the remainder when 24 is divided by h?
6
Suppose 107 = -5*o + 2*v, -o = -0*v - 2*v + 15. Let l = o + 85. Suppose -c = c - l. What is the remainder when c is divided by 16?
15
Suppose 35 = 5*n - 3*c, -3*c - 22 = -3*n - c. Suppose 0 = -n*p - 12, 2*p = -x + 3*x + 86. Calculate the remainder when 109 is divided by x/(-8)*(13 - 9).
17
Suppose 13*a + 25232 = -10*a + 26704. Calculate the remainder when 85 is divided by a.
21
What is the remainder when (-6)/(-36)*(-31 - 2)*(-1627 - 3) is divided by 76?
73
Suppose 244114 = -13*z + 244595. What is the remainder when 331 is divided by z?
35
Let m(z) = -z**2 + 9*z + 12. Let j be m(8). Suppose j*g = 19*g + 11. Calculate the remainder when (-2)/(-10) + (2 - 267/(-15)) is divided by g.
9
Suppose 3*x = 2*x + 97. Let l be 132/54 + 8/(-18). Suppose -3*k = l*z - x, 5*k - 2*z + 4*z = 167. What is the remainder when 101 is divided by k?
31
Let s = -54 + 85. Suppose -v + 427 = 327. What is the remainder when v is divided by s?
7
Let x(p) = p**3 - 9*p**2 - 4*p + 43. Let j = -497 - -506. What is the remainder when 223 is divided by x(j)?
6
Let j = -10726 - -13020. Calculate the remainder when j is divided by 573.
2
Suppose 35 = 4*g - 5*w - 142, 2*g = 3*w + 87. Let l = -58 - -65. Suppose l*a = 11*a - g. What is the remainder when a is divided by 7?
5
What is the remainder when 548 is divided by (12/10)/(((-7308)/6440)/(-87))?
88
Suppose 0 = -8*b + 1812 + 2220. Suppose -d - 1001 = -2*l, -l + 7*d + b = 10*d. Suppose 2*j - 5*j + l = 0. Calculate the remainder when j is divided by 17.
14
Suppose 17 = 2*c - 21. Suppose 15037 + 2499 = 32*x. Calculate the remainder when ((-3)/12 - 0) + x/16 is divided by c.
15
Suppose 0 = 2*b - 2*s - 92, 0 = -15*b + 19*b + 4*s - 224. Calculate the remainder when 2600 is divided by b.
50
Suppose -x - 3*x - 4*s + 4 = 0, -3*s = 4*x. Calculate the remainder when ((-1)/x - (-4)/6) + 69 is divided by 25.
20
Let z be 1430/(-165) - -1*2/3. Calculate the remainder when (-1 + 75)/((-4)/z) is divided by 17.
12
Let g(f) = -5*f - 1. Let j be g(-8). Suppose 12 = -5*w - 4*a, -w + 2*a = -2*w. Let n = w + j. Calculate the remainder when n is divided by 13.
9
Let l(b) = -65*b**3 + 2*b**2 + 2*b + 1. Let t be l(-1). Suppose -y + t = 5*y. Calculate the remainder when ((-234)/(-12))/(6/8) is divided by y.
4
Let q(i) = -5*i**3 + 39*i**2 - 10*i - 80. Let s(z) = z**3 - 8*z**2 + 2*z + 16. Let x(p) = 2*q(p) + 11*s(p). Calculate the remainder when x(10) is divided by 27.
9
Suppose 0 = 4*p - 2*b - 74, 3*b - 24 = -5*p + 96. Suppose -l + 40 = -2*y, -5*y - 268 = -5*l - 83. What is the remainder when l is divided by p?
13
Let f = 94 + -91. Suppose -505 = -f*i + 47. Suppose -r + 2*h + 153 = 0, -5*r - i + 979 = 5*h. What is the remainder when r is divided by 32?
29
Suppose 8*y + 5*k = 4*y + 333, -251 = -3*y - 5*k. Suppose 0 = 4*t - 6*t + 3*l + 20, 5*l = -t - 3. What is the remainder when y is divided by t?
5
Suppose 5*h - 265 = 75. Let v(r) = r**3 + 14*r**2 - 20*r + 25. Let w be v(-15). Let m = w + -82. What is the remainder when h is divided by m?
14
Let r = -782 - -482. Let n be (r/9 - -6)/((-4)/(-6)). Let d = -1 - n. Calculate the remainder when d is divided by 9.
4
Let t(c) = -c**3 - 4*c**2 - c + 4. Let w be t(-2). Let j be 1/w*(-1728)/12. Let d = -38 + j. Calculate the remainder when d is divided by 9.
7
Let a = -7524 + 7871. Calculate the remainder when a is divided by 122.
103
Let i(w) = -w**3 - 12*w**2 - w - 19. Let j be i(-12). Let b be (4 - (-1052)/j) + 4/14. Calculate the remainder when -2*b/2*(-6)/(-12) is divided by 25.
23
Let g(v) = 2*v**3 - 13*v**2 - 9*v + 7. Let q be g(7). Let k = 56 + q. Calculate the remainder when 140 is divided by k.
42
Let x(r) = 93*r + 94. Calculate the remainder when x(2) is divided by 11.
5
Suppose 3*o - 24 = o. Suppose -f + 5*g = -2, -5*g + 6*g - 4 = 0. Calculate the remainder when (-2)/8 - (-1023)/o is divided by f.
19
Calculate the remainder when (-2)/5 + 4194/10 is divided by (-3)/6*(-15 + (-172 - -17)).
79
Suppose 12669 = 4*r - d, 6*r + 5*d - 9496 = 3*r. What is the remainder when r is divided by 66?
65
Let r be -63 + (0 - (-8 - -4)). Let y = r - -107. Suppose 4*x - y + 12 = 0. What is the remainder when x is divided by 6?
3
Suppose -2*y - 146 = -3*y. Suppose -3*t + 4*r = -72 - 57, 87 = 2*t - 3*r. Calculate the remainder when y is divided by t.
29
Let k(f) = f**3 + 2*f**2 - 5*f + 4. Suppose m + 20 - 25 = 0. Let r(y) = 3*y**2 + 3*y + 8. Calculate the remainder when r(m) is divided by k(3).
30
Suppose 136*s - 9052 = 105*s. Calculate the remainder when s is divided by 157.
135
Let z(p) = -p + 11. Let b(g) = g**2 + 56*g + 251. Let d be b(-51). Calculate the remainder when 340 is divided by z(d).
10
Suppose 0 = -0*y - 3*y + 12, -v = -2*y + 3. Suppose -v - 7 = -6*i. Suppose i - 14 = -3*o. Calculate the remainder when o is divided by 2.
0
Suppose 2*n - s + 16 = 0, -